[INFO] cloning repository https://github.com/m1el/flamegraph-rs
[INFO] running `Command { std: "git" "-c" "credential.helper=" "-c" "credential.helper=/workspace/cargo-home/bin/git-credential-null" "clone" "--bare" "https://github.com/m1el/flamegraph-rs" "/workspace/cache/git-repos/https%3A%2F%2Fgithub.com%2Fm1el%2Fflamegraph-rs", kill_on_drop: false }`
[INFO] [stderr] Cloning into bare repository '/workspace/cache/git-repos/https%3A%2F%2Fgithub.com%2Fm1el%2Fflamegraph-rs'...
[INFO] running `Command { std: "git" "rev-parse" "HEAD", kill_on_drop: false }`
[INFO] [stdout] 89d76f262d0e1b6c5834080fd1900db6f3fc146b
[INFO] checking m1el/flamegraph-rs against master#cfbc6d4cf1acbac5c025acf8ed68929caa551df3 for pr-75494-beta
[INFO] running `Command { std: "git" "clone" "/workspace/cache/git-repos/https%3A%2F%2Fgithub.com%2Fm1el%2Fflamegraph-rs" "/workspace/builds/worker-5/source", kill_on_drop: false }`
[INFO] [stderr] Cloning into '/workspace/builds/worker-5/source'...
[INFO] [stderr] done.
[INFO] validating manifest of git repo https://github.com/m1el/flamegraph-rs on toolchain cfbc6d4cf1acbac5c025acf8ed68929caa551df3
[INFO] running `Command { std: "/workspace/cargo-home/bin/cargo" "+cfbc6d4cf1acbac5c025acf8ed68929caa551df3" "read-manifest" "--manifest-path" "Cargo.toml", kill_on_drop: false }`
[INFO] started tweaking git repo https://github.com/m1el/flamegraph-rs
[INFO] finished tweaking git repo https://github.com/m1el/flamegraph-rs
[INFO] tweaked toml for git repo https://github.com/m1el/flamegraph-rs written to /workspace/builds/worker-5/source/Cargo.toml
[INFO] crate git repo https://github.com/m1el/flamegraph-rs already has a lockfile, it will not be regenerated
[INFO] running `Command { std: "/workspace/cargo-home/bin/cargo" "+cfbc6d4cf1acbac5c025acf8ed68929caa551df3" "fetch" "--locked" "--manifest-path" "Cargo.toml", kill_on_drop: false }`
[INFO] [stderr]  Downloading crates ...
[INFO] [stderr]   Downloaded string-interner v0.7.0
[INFO] running `Command { std: "docker" "create" "-v" "/var/lib/crater-agent-workspace/builds/worker-5/target:/opt/rustwide/target:rw,Z" "-v" "/var/lib/crater-agent-workspace/builds/worker-5/source:/opt/rustwide/workdir:ro,Z" "-v" "/var/lib/crater-agent-workspace/cargo-home:/opt/rustwide/cargo-home:ro,Z" "-v" "/var/lib/crater-agent-workspace/rustup-home:/opt/rustwide/rustup-home:ro,Z" "-e" "SOURCE_DIR=/opt/rustwide/workdir" "-e" "CARGO_TARGET_DIR=/opt/rustwide/target" "-e" "CARGO_HOME=/opt/rustwide/cargo-home" "-e" "RUSTUP_HOME=/opt/rustwide/rustup-home" "-w" "/opt/rustwide/workdir" "-m" "1610612736" "--user" "0:0" "--network" "none" "rustops/crates-build-env@sha256:a636fd89d022f18117e1dc8fb37a0a009933cdbbe082814857f0e2024962d47c" "/opt/rustwide/cargo-home/bin/cargo" "+cfbc6d4cf1acbac5c025acf8ed68929caa551df3" "metadata" "--no-deps" "--format-version=1", kill_on_drop: false }`
[INFO] [stdout] 196c11e4fe548e94f9bfef3d6faddd0c915f575641329918ed96e89f8e20a29a
[INFO] [stderr] WARNING: Your kernel does not support swap limit capabilities or the cgroup is not mounted. Memory limited without swap.
[INFO] running `Command { std: "docker" "start" "-a" "196c11e4fe548e94f9bfef3d6faddd0c915f575641329918ed96e89f8e20a29a", kill_on_drop: false }`
[INFO] running `Command { std: "docker" "inspect" "196c11e4fe548e94f9bfef3d6faddd0c915f575641329918ed96e89f8e20a29a", kill_on_drop: false }`
[INFO] running `Command { std: "docker" "rm" "-f" "196c11e4fe548e94f9bfef3d6faddd0c915f575641329918ed96e89f8e20a29a", kill_on_drop: false }`
[INFO] [stdout] 196c11e4fe548e94f9bfef3d6faddd0c915f575641329918ed96e89f8e20a29a
[INFO] running `Command { std: "docker" "create" "-v" "/var/lib/crater-agent-workspace/builds/worker-5/target:/opt/rustwide/target:rw,Z" "-v" "/var/lib/crater-agent-workspace/builds/worker-5/source:/opt/rustwide/workdir:ro,Z" "-v" "/var/lib/crater-agent-workspace/cargo-home:/opt/rustwide/cargo-home:ro,Z" "-v" "/var/lib/crater-agent-workspace/rustup-home:/opt/rustwide/rustup-home:ro,Z" "-e" "SOURCE_DIR=/opt/rustwide/workdir" "-e" "CARGO_TARGET_DIR=/opt/rustwide/target" "-e" "CARGO_INCREMENTAL=0" "-e" "RUST_BACKTRACE=full" "-e" "RUSTFLAGS=--cap-lints=forbid" "-e" "CARGO_HOME=/opt/rustwide/cargo-home" "-e" "RUSTUP_HOME=/opt/rustwide/rustup-home" "-w" "/opt/rustwide/workdir" "-m" "1610612736" "--user" "0:0" "--network" "none" "rustops/crates-build-env@sha256:a636fd89d022f18117e1dc8fb37a0a009933cdbbe082814857f0e2024962d47c" "/opt/rustwide/cargo-home/bin/cargo" "+cfbc6d4cf1acbac5c025acf8ed68929caa551df3" "check" "--frozen" "--all" "--all-targets" "--message-format=json", kill_on_drop: false }`
[INFO] [stdout] f80c845f44b0a56ec640a307ba988e75bcd600288cfbf96e8f9e382008acc227
[INFO] [stderr] WARNING: Your kernel does not support swap limit capabilities or the cgroup is not mounted. Memory limited without swap.
[INFO] running `Command { std: "docker" "start" "-a" "f80c845f44b0a56ec640a307ba988e75bcd600288cfbf96e8f9e382008acc227", kill_on_drop: false }`
[INFO] [stderr]    Compiling serde v1.0.79
[INFO] [stderr]     Checking string-interner v0.7.0
[INFO] [stderr]     Checking flamegraph v0.1.0 (/opt/rustwide/workdir)
[INFO] [stdout] error[E0583]: file not found for module `xml_escape`
[INFO] [stdout]  --> src/main.rs:2:1
[INFO] [stdout]   |
[INFO] [stdout] 2 | mod xml_escape;
[INFO] [stdout]   | ^^^^^^^^^^^^^^^
[INFO] [stdout]   |
[INFO] [stdout]   = help: to create the module `xml_escape`, create file "src/xml_escape.rs"
[INFO] [stdout] 
[INFO] [stdout] 
[INFO] [stdout] error[E0583]: file not found for module `num_fmt`
[INFO] [stdout]  --> src/main.rs:3:1
[INFO] [stdout]   |
[INFO] [stdout] 3 | mod num_fmt;
[INFO] [stdout]   | ^^^^^^^^^^^^
[INFO] [stdout]   |
[INFO] [stdout]   = help: to create the module `num_fmt`, create file "src/num_fmt.rs"
[INFO] [stdout] 
[INFO] [stdout] 
[INFO] [stdout] error[E0583]: file not found for module `xml_escape`
[INFO] [stdout]  --> src/main.rs:2:1
[INFO] [stdout]   |
[INFO] [stdout] 2 | mod xml_escape;
[INFO] [stdout]   | ^^^^^^^^^^^^^^^
[INFO] [stdout]   |
[INFO] [stdout]   = help: to create the module `xml_escape`, create file "src/xml_escape.rs"
[INFO] [stdout] 
[INFO] [stdout] 
[INFO] [stdout] error[E0583]: file not found for module `num_fmt`
[INFO] [stdout]  --> src/main.rs:3:1
[INFO] [stdout]   |
[INFO] [stdout] 3 | mod num_fmt;
[INFO] [stdout]   | ^^^^^^^^^^^^
[INFO] [stdout]   |
[INFO] [stdout]   = help: to create the module `num_fmt`, create file "src/num_fmt.rs"
[INFO] [stdout] 
[INFO] [stdout] 
[INFO] [stdout] error[E0432]: unresolved import `xml_escape::XmlEscape`
[INFO] [stdout]  --> src/main.rs:9:18
[INFO] [stdout]   |
[INFO] [stdout] 9 | use xml_escape::{XmlEscape};
[INFO] [stdout]   |                  ^^^^^^^^^ no `XmlEscape` in `xml_escape`
[INFO] [stdout] 
[INFO] [stdout] 
[INFO] [stdout] error[E0432]: unresolved import `num_fmt::NumFmt`
[INFO] [stdout]   --> src/main.rs:10:15
[INFO] [stdout]    |
[INFO] [stdout] 10 | use num_fmt::{NumFmt};
[INFO] [stdout]    |               ^^^^^^ no `NumFmt` in `num_fmt`
[INFO] [stdout] 
[INFO] [stdout] 
[INFO] [stdout] error: aborting due to 4 previous errors
[INFO] [stdout] 
[INFO] [stdout] 
[INFO] [stdout] Some errors have detailed explanations: E0432, E0583.
[INFO] [stdout] 
[INFO] [stdout] For more information about an error, try `rustc --explain E0432`.
[INFO] [stdout] 
[INFO] [stdout] error[E0432]: unresolved import `xml_escape::XmlEscape`
[INFO] [stdout]  --> src/main.rs:9:18
[INFO] [stdout]   |
[INFO] [stdout] 9 | use xml_escape::{XmlEscape};
[INFO] [stdout]   |                  ^^^^^^^^^ no `XmlEscape` in `xml_escape`
[INFO] [stdout] 
[INFO] [stdout] 
[INFO] [stdout] error[E0432]: unresolved import `num_fmt::NumFmt`
[INFO] [stdout]   --> src/main.rs:10:15
[INFO] [stdout]    |
[INFO] [stdout] 10 | use num_fmt::{NumFmt};
[INFO] [stdout]    |               ^^^^^^ no `NumFmt` in `num_fmt`
[INFO] [stdout] 
[INFO] [stdout] 
[INFO] [stderr] error: could not compile `flamegraph`.
[INFO] [stderr] 
[INFO] [stderr] To learn more, run the command again with --verbose.
[INFO] [stderr] warning: build failed, waiting for other jobs to finish...
[INFO] [stdout] error: aborting due to 4 previous errors
[INFO] [stdout] 
[INFO] [stdout] 
[INFO] [stdout] Some errors have detailed explanations: E0432, E0583.
[INFO] [stdout] 
[INFO] [stdout] For more information about an error, try `rustc --explain E0432`.
[INFO] [stdout] 
[INFO] [stderr] error: build failed
[INFO] running `Command { std: "docker" "inspect" "f80c845f44b0a56ec640a307ba988e75bcd600288cfbf96e8f9e382008acc227", kill_on_drop: false }`
[INFO] running `Command { std: "docker" "rm" "-f" "f80c845f44b0a56ec640a307ba988e75bcd600288cfbf96e8f9e382008acc227", kill_on_drop: false }`
[INFO] [stdout] f80c845f44b0a56ec640a307ba988e75bcd600288cfbf96e8f9e382008acc227
